*w - 2*m = 67, 0 = -5*w + 2*m + 113. List the prime factors of w.
23
Let h(g) = -g**3 - 13*g**2 + 13*g + 18. Suppose -w + 4*f - f - 26 = 0, 0 = 5*f - 20. List the prime factors of h(w).
2
Let y(d) = -3*d**3 - 4*d**2 - 4*d - 2. Let j be (-6 - -8)*(-1)/1. List the prime factors of y(j).
2, 7
Suppose -2*r + i + 10 = -2*i, 5*r - 25 = 3*i. Suppose r*t - 116 = 39. What are the prime factors of t?
31
Let c(j) = j**3 + 7*j**2 + 5*j - 6. Let v be c(-5). Suppose -z = -v - 17. Suppose z = 2*o - 0. What are the prime factors of o?
2, 3
Let y(w) = 5*w**2 - w + 2. What are the prime factors of y(4)?
2, 3, 13
What are the prime factors of 39/(-2)*20/(-6)?
5, 13
Suppose 0 = 3*w - 0*w. Suppose -2*q = -w*q - 16. List the prime factors of q.
2
Let b = 125 - 87. List the prime factors of b.
2, 19
Suppose -2*t = -h - 3*h, 0 = 3*h + 3*t. What are the prime factors of 3 + 1 + 11 + h?
3, 5
Let s = -6 + 8. Suppose 3*a - v = 11, -s*v + 7*v - 35 = -3*a. Suppose -3 = -b + a*p, 0*p - 5*p - 35 = -5*b. What are the prime factors of b?
2
Suppose -5*r + r + 42 = -5*s, 6 = 3*s. What are the prime factors of r?
13
Let r(a) = -a**2 + 3*a + 2. Let o be r(3). List the prime factors of 2 - 1 - (o - 7).
2, 3
Let k = -60 - -65. What are the prime factors of k?
5
Let b(m) = -m**3 - 2*m**2 + 3*m - 3. Let a be b(-3). What are the prime factors of (-2 - 1)/a + 12?
13
Suppose -2*q - 27 = -81. What are the prime factors of q?
3
Suppose -4*c - 3*x = -4*x - 20, -x + 10 = c. List the prime factors of 2*1 + 72/c.
2, 7
Suppose -2*f = 8*a - 3*a + 8, 5*a - 10 = -5*f. Let u = 17 + f. List the prime factors of u.
23
Suppose -50 + 5 = -j. What are the prime factors of j?
3, 5
Suppose 0 = 2*s - 3*s + 3*j + 21, s - 1 = -j. List the prime factors of (35/10)/(1/s).
3, 7
List the prime factors of (-66)/(-4)*112/6.
2, 7, 11
Let i(r) = r**2 - 5*r - 9. Let t be i(12). Suppose -3*g = -6*g + t. What are the prime factors of g?
5
List the prime factors of (-5*7 + -4)*-1.
3, 13
Suppose -y - 8 = 5*u - 29, 12 = 4*u - 4*y. Suppose u*z = -9 - 11. What are the prime factors of (-4 - z) + (2 - 1)?
2
Let b = 52 - -26. List the prime factors of b.
2, 3, 13
Let h be -5*3/(-3)*1. Let z = h + -9. List the prime factors of (22/8)/((-1)/z).
11
Let t = -3 - -5. Suppose 0*o + t*o = 18. What are the prime factors of o?
3
Let t be (129 + -3)*(-1)/(-2). List the prime factors of (-14)/(-91) - t/(-13).
5
Suppose -2*z - 2*z - d = -623, -2*z + 5*d = -339. What are the prime factors of z?
157
Let x(d) = d**3 - 8*d**2 + 2*d + 5. Let o be x(9). Let s = o + -73. List the prime factors of s.
31
Let o(j) = j - 4. Let q be o(0). Let k be ((-48)/(-20))/(6/40). Let d = k + q. List the prime factors of d.
2, 3
Suppose 278 = -64*b + 66*b. What are the prime factors of b?
139
Suppose -3*p + 2*q - 5 = 0, 0*p = -2*p - 5*q + 22. List the prime factors of (2 - (-2 + -11)) + p.
2
Let c(d) = -3*d + 10 - 3 + 2*d. Let v be c(-6). Let w = 18 - v. List the prime factors of w.
5
Suppose -6*l - 270 = -8*l. List the prime factors of l.
3, 5
Let b = 5 - 1. Suppose -3*v + 5*x = 2*v, 2*v + 8 = 4*x. Suppose 8*p - 3*p - 19 = -4*y, 0 = -b*p - v. What are the prime factors of y?
2, 3
Let j(u) = -5*u**3 + u**2 - 1. Let c be j(-1). Let t = 7 - c. What are the prime factors of t?
2
Let h = -6 + 6. Suppose h = -4*v + 5 + 27. What are the prime factors of v?
2
Let n(t) = 23*t + 17. Let v(l) = -1 + 4 - 6*l + 21*l + 8. Let k(w) = 5*n(w) - 8*v(w). What are the prime factors of k(-3)?
2, 3
Let h(k) = 2*k**2 - 4*k - 4. What are the prime factors of h(-3)?
2, 13
Let q be 1 - 18/(-3) - -2. Let x(i) = -i**3 + 10*i**2 - 7*i - 4. List the prime factors of x(q).
2, 7
Let l be 0*(-3)/(-5 - -2). Let j = 8 + l. List the prime factors of (2 + -4)/((-2)/j).
2
Let r = -8 + 44. List the prime factors of r.
2, 3
Let d(i) = -2*i - 6. Suppose 0 = -5*b + 10, -b + 14 = 2*q + 4*b. Suppose -q*t + 25 = -7*t. What are the prime factors of d(t)?
2
Suppose 0 = 3*f + 5*m + 4 + 15, -2*m = -f + 1. Let q(n) = -2*n**3 - 2*n**2 + 2*n - 1. What are the prime factors of q(f)?
29
Let q be (-2)/2 + (-28 - 1). Let d = q - -42. What are the prime factors of d?
2, 3
Suppose -2*i + 3 = -i. Let p be ((-4)/(-6))/((-2)/(-72)). Suppose 0 = i*k + k - p. What are the prime factors of k?
2, 3
Let l(f) = -f**3 + 6*f**2 - 3*f + 2. Let d be l(6). Let r = 1 - d. What are the prime factors of r?
17
Let w = 18 + -14. What are the prime factors of 2*(w - 4/(-4))?
2, 5
Let d be 4/(-6) - 1/3. List the prime factors of 10 - (0 + d + 3).
2
Let z(x) = -2*x + 3. Let o(u) = -u**2 + 5*u + 2. Let i be o(5). Suppose -2*c + 6 = -4*d, 0 = i*c - d - 2*d - 3. List the prime factors of z(c).
3
Let c be (-22)/(-5) - (-2)/(-5). Let k = c - 2. List the prime factors of k*((-21)/(-2) - 3).
3, 5
Let x = 67 - 47. Let i = -12 + x. List the prime factors of i.
2
Suppose -5*j + 25 = -0*j + 5*f, 5*j = -4*f + 24. Suppose j*o + o = 35. What are the prime factors of o?
7
Let w(c) = -c**3 + 18*c**2 - 32*c - 13. What are the prime factors of w(15)?
2, 7, 13
Let z be (-304)/(-14) - (-2)/7. Let u = -16 + z. What are the prime factors of u?
2, 3
Let s(k) = 7*k + k + 4 - 3*k + 0. Let z be s(6). Let c = z + -21. What are the prime factors of c?
13
Suppose 4*w - 28 = 5*x, 3*w = 2*w - 3*x + 7. What are the prime factors of w?
7
Let m = -1 + 9. Suppose -2*w - m = -0*w. List the prime factors of (w - -1)*(-98)/21.
2, 7
Suppose 0 = o - 3*y - 151, 0 = -5*o - 0*y + y + 685. What are the prime factors of o?
2, 17
Suppose -35 = 4*v + 5*h, -2*h - 16 = v + v. Suppose -b + 4*f - 24 = -6*b, -2*b = -5*f - 36. Let c = b + v. What are the prime factors of c?
3
Let b(q) = -q**3 + 5*q**2 - 2*q - 4. Let m be (-16)/(-6)*(-9)/(-6). What are the prime factors of b(m)?
2
Let v(z) = 2*z**2 - 8*z + 11. List the prime factors of v(10).
131
Let w(m) = m**3 + 8*m**2 - 2*m + 1. What are the prime factors of w(-6)?
5, 17
Let u be (-40)/15*1*-9. What are the prime factors of u/2*(-2)/(-6)?
2
Let v(d) = 11*d - 1. Let u be v(3). Let c be u/6 + (-4)/(-6). Suppose c = -4*x - q + 32, -4*x = 5*q - 18. List the prime factors of x.
7
Let b = -44 - -298. List the prime factors of b.
2, 127
Let i(b) = -b - 1. Let n be i(-2). Let g = 16 - n. What are the prime factors of g?
3, 5
Let d = 88 - 41. List the prime factors of d.
47
List the prime factors of ((-25)/(-15) - 1)*117.
2, 3, 13
What are the prime factors of (-20)/(-110) - 1*(-2636)/22?
2, 3, 5
Suppose -21 + 6 = -3*b, 0 = x + 3*b - 19. Suppose -13 - 3 = -2*i - 4*o, 2*o + x = 5*i. List the prime factors of i.
2
Let z be 9*5/(45/6). Let o = 14 - z. List the prime factors of o.
2
Suppose 4*l = 3*l + 2. Let c be 42/3 + l/(-1). Suppose 3*a - c = 2*a. List the prime factors of a.
2, 3
Let x(b) = -2*b**3 + 5*b - 3. Let o be x(3). Let g be (3 - 5) + o/(-2). Suppose 0 = -y + g - 7. What are the prime factors of y?
2, 3
Let o = 3 + 2. Suppose -v + o = -3*f - 1, 3*f + 21 = -4*v. What are the prime factors of (f/(-9))/(2/42)?
7
Let k be -1 + (-3*1)/(-1). Let v be (6 - (4 - 2)) + -1. What are the prime factors of (-21)/(-9) + k/v?
3
Let m(a) = 8*a**2 + 3*a + 3. Let j be m(3). Suppose 0 = r - 5*h - 9, 2*r + 4*h - j = -10. Let o = r - 16. List the prime factors of o.
13
Let q(v) = -v**3 + 4*v**2 + 2*v - 3. Let d be q(4). Suppose 5*h = -5*t + 90, -3*t - 47 = -d*h + 35. What are the prime factors of h?
17
Suppose -b - 173 = -5. What are the prime factors of (3/(-2))/(18/b)?
2, 7
Suppose 3*y + 61 = 4*d, 9*d - 59 = 4*d - 2*y. Suppose -2*p + 18 = -c, 3*p - 14 = -5*c + d. What are the prime factors of p?
3
Let z(g) = 2*g**3 - g + 1. Let v be z(1). List the prime factors of v/((-3)/(18/(-4))).
3
Suppose -2*t + 21 = -3*t - 2*r, -2*t - r = 27. List the prime factors of 2 - (-2)/(-1) - t.
11
Let j(n) = 54*n + 1. Let d be j(2). Let s = d + -65. List the prime factors of s.
2, 11
Let s be ((-14)/(-4))/(2/44). Let z = s + -50. List the prime factors of z.
3
Suppose 0*t - 208 = -2*i - 3*t, 0 = -2*t + 4. List the prime factors of i.
101
Let i = 29 - 19. Suppose 0 = 5*f + i, 3*w - 9 = 2*f + 7. Suppose g + 2*r = -w*g + 95, 19 = g - 2*r. List the prime factors of g.
19
Suppose -27 = 2*a - 33. What are the prime factors of a?
3
Suppose -95 = 4*q - s, 2*s = 4*q + 3*s + 97. Let h be (q/(-5))/(9/30). Suppose h = f + f. What are the prime factors of f?
2
What are the prime fac